a703e?
a702a
In base 10, what is -24 + -85174?
-85198
In base 14, what is 176401 + -21a?
1761c5
In base 7, what is 1 - -36025446?
36025450
In base 9, what is -2702100 + 2?
-2702087
In base 4, what is -223313333 + -2330?
-223322323
In base 16, what is d3 + -46ee6?
-46e13
In base 6, what is -5 - -235540531?
235540522
In base 2, what is 10000000110 + -1100000111011000?
-1011110111010010
In base 9, what is 55 + -107147?
-107082
In base 9, what is -3133632 - -4?
-3133627
In base 14, what is -16581 - -1925?
-14a5a
In base 4, what is 232230 - 113332?
112232
In base 6, what is 54014 - 12534?
41040
In base 16, what is -e7f5 + 396?
-e45f
In base 5, what is 301343 - 12010013?
-11203120
In base 2, what is -10101110101 + -10001111101111?
-10100101100100
In base 5, what is -111131322 - 124?
-111132001
In base 14, what is -b986 + -1c2?
-bb68
In base 8, what is 13051 + -1711?
11140
In base 10, what is 4 + 5654576?
5654580
In base 6, what is -1430 + -4321204?
-4323034
In base 8, what is -75777 + 1273?
-74504
In base 10, what is 554 + -2760?
-2206
In base 15, what is -86c27 + 214?
-86a13
In base 11, what is 0 - 2850279?
-2850279
In base 7, what is 5 - -43523533?
43523541
In base 8, what is 353174 + 11006?
364202
In base 13, what is -14 - 112015a?
-1120171
In base 11, what is -16 + -58a540?
-58a556
In base 3, what is 2012 + 112221221?
120001010
In base 8, what is 5 + -16325065?
-16325060
In base 10, what is 1040 - 17935?
-16895
In base 14, what is -da29 - -102?
-d927
In base 6, what is 55244 - 32031?
23213
In base 3, what is -100102110 + -12002011?
-112111121
In base 12, what is 31600574 + -2?
31600572
In base 13, what is 97 + -8b235?
-8b16b
In base 2, what is 101 + 11011101100000101100000?
11011101100000101100101
In base 8, what is 1 - 7537230?
-7537227
In base 8, what is 472436 + 10?
472446
In base 14, what is -29c2dcc - -5?
-29c2dc7
In base 7, what is 114 - -664331?
664445
In base 13, what is 1a + -72734?
-72717
In base 14, what is -42323b - -c?
-42322d
In base 7, what is -3050665 - 62?
-3051060
In base 9, what is -2 + 544261855?
544261853
In base 14, what is 917 + -3b55?
-323c
In base 2, what is -10011110101110010100100110 - 1?
-10011110101110010100100111
In base 15, what is -383 - 21ab?
-253e
In base 13, what is -2 - -153478?
153476
In base 7, what is -526060 - -15062?
-510665
In base 8, what is 427060 - 1152?
425706
In base 2, what is 10100101111011101101 + 100?
10100101111011110001
In base 2, what is -10110011101110011010001 + -100?
-10110011101110011010101
In base 15, what is 71b471 - 12?
71b45e
In base 8, what is 66441054 - 60?
66440774
In base 12, what is 3bab - -414?
4403
In base 7, what is 45 - -220026?
220104
In base 2, what is 11011 - -100000110101101001?
100000110110000100
In base 14, what is -d9629 - -480?
-d9189
In base 4, what is -13 - -213300013?
213300000
In base 8, what is 1 + 303574535?
303574536
In base 4, what is -220012222 - -2?
-220012220
In base 2, what is 100001011001000111101001 + 1111?
100001011001000111111000
In base 15, what is 7c96 + 2b2?
8058
In base 10, what is 190 + 97838?
98028
In base 11, what is 1a750 + -1471?
1928a
In base 14, what is -805 - bcda3?
-bd7a8
In base 10, what is 1168 + 138574?
139742
In base 2, what is -101 - -1111001101000111011?
1111001101000110110
In base 2, what is -10011001110 + 101110111010000?
101100100000010
In base 8, what is 2205543471 + 2?
2205543473
In base 5, what is -1000103 + 20230?
-424323
In base 6, what is 515141 + -1003?
514134
In base 9, what is 76835578 + 1?
76835580
In base 10, what is -8 - -1393602?
1393594
In base 16, what is d + -12d157a?
-12d156d
In base 13, what is -181ba39 + -89?
-181bac5
In base 8, what is -1 - 1372605?
-1372606
In base 10, what is 5 - -62722502?
62722507
In base 14, what is -41 - 469752?
-469793
In base 16, what is -8 - -c6539?
c6531
In base 13, what is 373107 + -3?
373104
In base 8, what is -2 + -561377671?
-561377673
In base 12, what is 1b942009 + 4?
1b942011
In base 9, what is -5523 + 113123?
106500
In base 14, what is -12 - ca851?
-ca863
In base 9, what is -1687 + -3671?
-5468
In base 5, what is -13 + 3114122?
3114104
In base 7, what is -5302 + -110351?
-115653
In base 12, what is 11 - 120a58?
-120a47
In base 12, what is 16 + ab85685?
ab8569b
In base 14, what is -193 - 2b160d?
-2b17a2
In base 10, what is 6405811 - -105?
6405916
In base 5, what is -2 + -21003343?
-21003400
In base 4, what is -2 + 12303233030?
12303233022
In base 15, what is 2 - -44e154?
44e156
In base 13, what is 536b2 + -c1?
535c1
In base 13, what is -b93573 - 102?
-b93675
In base 13, what is 11b - -1c5a6?
1c6c4
In base 4, what is -10120222121323 - -1?
-10120222121322
In base 3, what is -12 - -100210201120122?
100210201120110
In base 14, what is 1305865 - 0?
1305865
In base 5, what is -112342 + 22403?
-34434
In base 15, what is 6031e9d - 4?
6031e99
In base 10, what is -1448 + 2526?
1078
In base 11, what is -934 + 9a4?
70
In base 6, what is 1435035 - 52?
1434543
In base 7, what is -60334246 + -545?
-60335124
In base 6, what is 23423141443 + 5?
23423141452
In base 16, what is 2a4d - -8c1?
330e
In base 8, what is -737731 + -24?
-737755
In base 8, what is 3 + -21130630?
-21130625
In base 3, what is 11 + 1002002122120?
1002002122201
In base 13, what is 0 + -714b25c?
-714b25c
In base 4, what is -313023033 - 2202?
-313031301
In base 3, what is -1212110221 - -2020002202?
100121211
In base 2, what is -10001011000 + 10000001000100001?
1111110111001001
In base 13, what is 1 - -963a0?
963a1
In base 9, what is 165 + -13314166?
-13314001
In base 13, what is 30ab9 + 49?
30b35
In base 13, what is -88 + 627462?
6273a7
In base 15, what is 6194d - 0?
6194d
In base 16, what is 7c641 - -3?
7c644
In base 16, what is -2ce - 5027?
-52f5
In base 5, what is -4313443314 - -4?
-4313443310
In base 5, what is -241114104231 + 0?
-241114104231
In base 2, what is 1011011101111110000111110000 + 0?
1011011101111110000111110000
In base 6, what is -1041030 - 1214?
-1042244
In base 15, what is -5c60 - 24?
-5c84
In base 5, what is 1 + -1402013042?
-1402013041
In base 6, what is -10525535 - 13231?
-10543210
In base 6, what is -1 - -552215251?
552215250
In base 16, what is e0809 - -1?
e080a
In base 8, what is -147 - 3740301?
-3740450
In base 16, what is 1 - -13a409e?
13a409f
In base 2, what is -11110110110110000001001 + -10111?
-11110110110110000100000
In base 7, what is 35 - 503455022?
-503454654
In base 2, what is 1001110011110000000000 - 10?
1001110011101111111110
In base 3, what is 210210022 + 1010?
210211102
In base 14, what is 21a8497 - 0?
21a8497
In base 15, what is 269a8 + -d2?
268c6
In base 13, what is -586a - 2a4?
-5b41
In base 6, what is 1115 - -11540521?
11542040
In base 7, what is 2535 + 6040?
11605
In base 2, what is -1000111000001 - -100001111100?
-100101000101
In base 3, what is -11120022212 - -10101001?
-11102221211
In base 6, what is -443024144 + 1?
-443024143
In base 9, what is -418063023 + -1?
-418063024
In base 12, what is -aa - 1653?
-1741
In base 6, what is 2313 - -111022325?
111025042
In base 7, what is 26023033 + -12?
26023021
In base 3, what is -101002 - -201011212?
200210210
In base 5, what is -233414434 + 3?
-233414431
In base 13, what is -46334 - -1b7?
-4614a
In base 8, what is 116315321 + -3?
116315316
In base 10, what is -1941 - -39459?
37518
In base 11, what is 3a849 - -7192?
46a30
In base 9, what is -2863 - 271864?
-274837
In base 11, what is 17457 + 101?
17558
In base 16, what is 0 - -1ca14?
1ca14
In base 6, what is -2150 - 420212?
-422402
In base 6, what is 1224135 - -310?
1224445
In base 5, what is 33 + 1132401144?
1132401232
In base 15, what is 1 - 1885648?
-1885647
In base 9, what is 0 - 623774187?
-623774187
In base 8, what is -106 - 53107?
-53215
In base 16, what is -21 - 191b0?
-191d1
In base 2, what is -1001001111011111111 - -110011?
-1001001111011001100
In base 14, what is 8bc4 + -61?
8b63
In base 3, what is -1101 + 1020212101?
1020211000
In base 16, what is -4873b0f - -4?
-4873b0b
In base 15, what is 3854a - -652?
38b9c
In base 13, what is 0 + b76731?
b76731
In base 9, what is -3 - 114232?
-114235
In base 4, what is -12222312 + -332033?
-13221011
In base 3, what is -20011010121201 - 11?
-20011010121212
In base 4, what is 103003 + -1202300?
-1033231
In base 14, what is b43cc + -41?
b438